{"id":4160,"date":"2024-06-27T14:03:34","date_gmt":"2024-06-27T12:03:34","guid":{"rendered":"https:\/\/gabon.diplomatie.gov.bf\/?page_id=4160"},"modified":"2026-01-30T11:03:39","modified_gmt":"2026-01-30T10:03:39","slug":"le-chef-de-poste","status":"publish","type":"page","link":"https:\/\/gabon.diplomatie.gov.bf\/index.php\/le-chef-de-poste\/","title":{"rendered":"Le chef de poste"},"content":{"rendered":"\t\t<div data-elementor-type=\"wp-page\" data-elementor-id=\"4160\" class=\"elementor elementor-4160\" data-elementor-post-type=\"page\">\n\t\t\t\t<div data-particle_enable=\"false\" data-particle-mobile-disabled=\"false\" class=\"elementor-element elementor-element-4046efc2 e-flex e-con-boxed e-con e-parent\" data-id=\"4046efc2\" data-element_type=\"container\" data-e-type=\"container\" data-settings=\"{&quot;background_background&quot;:&quot;classic&quot;}\">\n\t\t\t\t\t<div class=\"e-con-inner\">\n\t\t<div data-particle_enable=\"false\" data-particle-mobile-disabled=\"false\" class=\"elementor-element elementor-element-19227380 e-con-full e-flex e-con e-child\" data-id=\"19227380\" data-element_type=\"container\" data-e-type=\"container\">\n\t\t\t\t<div class=\"elementor-element elementor-element-62d20156 elementor-widget elementor-widget-theme-post-featured-image elementor-widget-image\" data-id=\"62d20156\" data-element_type=\"widget\" data-e-type=\"widget\" data-widget_type=\"theme-post-featured-image.default\">\n\t\t\t\t<div class=\"elementor-widget-container\">\n\t\t\t\t\t\t\t\t\t\t\t\t\t\t\t<img fetchpriority=\"high\" decoding=\"async\" width=\"300\" height=\"300\" src=\"https:\/\/gabon.diplomatie.gov.bf\/wp-content\/uploads\/sites\/10\/2024\/06\/amba2Gabon.jpg\" class=\"attachment-medium size-medium wp-image-4532\" alt=\"\" \/>\t\t\t\t\t\t\t\t\t\t\t\t\t\t\t<\/div>\n\t\t\t\t<\/div>\n\t\t\t\t<div class=\"elementor-element elementor-element-20428e91 elementor-widget elementor-widget-heading\" data-id=\"20428e91\" data-element_type=\"widget\" data-e-type=\"widget\" data-widget_type=\"heading.default\">\n\t\t\t\t<div class=\"elementor-widget-container\">\n\t\t\t\t\t<h2 class=\"elementor-heading-title elementor-size-default\">Cyr Robert OUEDRAOGO<\/h2>\t\t\t\t<\/div>\n\t\t\t\t<\/div>\n\t\t\t\t<div class=\"elementor-element elementor-element-49aa566 elementor-widget elementor-widget-theme-post-featured-image elementor-widget-image\" data-id=\"49aa566\" data-element_type=\"widget\" data-e-type=\"widget\" data-widget_type=\"theme-post-featured-image.default\">\n\t\t\t\t<div class=\"elementor-widget-container\">\n\t\t\t\t\t\t\t\t\t\t\t\t\t\t\t<img decoding=\"async\" src=\"http:\/\/djeddah.diplomatie.gov.bf\/wp-content\/uploads\/sites\/16\/2024\/08\/Photo-Consul-General-Saidou-OUEDRAOGO.jpg\" title=\"\" alt=\"\" loading=\"lazy\" \/>\t\t\t\t\t\t\t\t\t\t\t\t\t\t\t<\/div>\n\t\t\t\t<\/div>\n\t\t\t\t<div class=\"elementor-element elementor-element-28c0b73 elementor-widget elementor-widget-heading\" data-id=\"28c0b73\" data-element_type=\"widget\" data-e-type=\"widget\" data-widget_type=\"heading.default\">\n\t\t\t\t<div class=\"elementor-widget-container\">\n\t\t\t\t\t<h2 class=\"elementor-heading-title elementor-size-default\">Charg\u00e9 d'Affaires de l'Ambassade  du Burkina Faso en R\u00e9publique Gabonaise<\/h2>\t\t\t\t<\/div>\n\t\t\t\t<\/div>\n\t\t\t\t<\/div>\n\t\t\t\t<div class=\"elementor-element elementor-element-508d2529 elementor-hidden-mobile eael-divider-center elementor-widget elementor-widget-eael-divider\" data-id=\"508d2529\" data-element_type=\"widget\" data-e-type=\"widget\" data-widget_type=\"eael-divider.default\">\n\t\t\t\t<div class=\"elementor-widget-container\">\n\t\t\t\t\t\t\t<div class=\"eael-divider-wrap divider-direction-vertical\">\n\t\t\t\t\t\t\t<div class=\"divider-text-container\">\n\t\t\t\t\t<div class=\"divider-text-wrap\">\n\t\t\t\t\t\t\t\t\t\t\t\t\t<span class=\"divider-border-wrap divider-border-left\">\n\t\t\t\t\t\t\t\t<span class=\"divider-border\"><\/span>\n\t\t\t\t\t\t\t<\/span>\n\t\t\t\t\t\t\t\t\t\t\t\t<span class=\"eael-divider-content\">\n\t\t\t\t\t\t\t\t\t\t\t\t\t\t\t<span class=\"eael-divider-icon\">\n\t\t\t\t\t\t\t\t\t\t\t\t\t\t\t\t\t\t\t<svg aria-hidden=\"false\" class=\"e-font-icon-svg e-fas-star\" viewBox=\"0 0 576 512\" xmlns=\"http:\/\/www.w3.org\/2000\/svg\"><path d=\"M259.3 17.8L194 150.2 47.9 171.5c-26.2 3.8-36.7 36.1-17.7 54.6l105.7 103-25 145.5c-4.5 26.3 23.2 46 46.4 33.7L288 439.6l130.7 68.7c23.2 12.2 50.9-7.4 46.4-33.7l-25-145.5 105.7-103c19-18.5 8.5-50.8-17.7-54.6L382 150.2 316.7 17.8c-11.7-23.6-45.6-23.9-57.4 0z\"><\/path><\/svg>\t\t\t\t\t\t\t\t\t\t\t\t\t\t\t\t\t<\/span>\n\t\t\t\t\t\t\t\t\t\t\t\t\t<\/span>\n\t\t\t\t\t\t\t\t\t\t\t\t\t<span class=\"divider-border-wrap divider-border-right\">\n\t\t\t\t\t\t\t\t<span class=\"divider-border\"><\/span>\n\t\t\t\t\t\t\t<\/span>\n\t\t\t\t\t\t\t\t\t\t\t<\/div>\n\t\t\t\t<\/div>\n\t\t\t\t\t<\/div>\n\t\t\t\t<\/div>\n\t\t\t\t<\/div>\n\t\t<div data-particle_enable=\"false\" data-particle-mobile-disabled=\"false\" class=\"elementor-element elementor-element-37ab10eb e-con-full e-flex e-con e-child\" data-id=\"37ab10eb\" data-element_type=\"container\" data-e-type=\"container\">\n\t\t\t\t<div class=\"elementor-element elementor-element-20437277 elementor-widget elementor-widget-heading\" data-id=\"20437277\" data-element_type=\"widget\" data-e-type=\"widget\" data-widget_type=\"heading.default\">\n\t\t\t\t<div class=\"elementor-widget-container\">\n\t\t\t\t\t<h2 class=\"elementor-heading-title elementor-size-default\">Parcours du Charg\u00e9 d'Affaires<\/h2>\t\t\t\t<\/div>\n\t\t\t\t<\/div>\n\t\t\t\t<div class=\"elementor-element elementor-element-1a6bd5b3 elementor-hidden-desktop elementor-hidden-tablet elementor-hidden-mobile elementor-widget elementor-widget-eael-adv-accordion\" data-id=\"1a6bd5b3\" data-element_type=\"widget\" data-e-type=\"widget\" data-widget_type=\"eael-adv-accordion.default\">\n\t\t\t\t<div class=\"elementor-widget-container\">\n\t\t\t\t\t            <div class=\"eael-adv-accordion\" id=\"eael-adv-accordion-1a6bd5b3\" data-scroll-on-click=\"no\" data-scroll-speed=\"300\" data-accordion-id=\"1a6bd5b3\" data-accordion-type=\"accordion\" data-toogle-speed=\"300\">\n            <div class=\"eael-accordion-list\">\n\t\t\t\t\t<div id=\"etat-civil\" class=\"elementor-tab-title eael-accordion-header\" tabindex=\"0\" data-tab=\"1\" aria-controls=\"elementor-tab-content-4431\"><span class=\"eael-advanced-accordion-icon-closed\"><svg aria-hidden=\"true\" class=\"fa-accordion-icon e-font-icon-svg e-fas-plus\" viewBox=\"0 0 448 512\" xmlns=\"http:\/\/www.w3.org\/2000\/svg\"><path d=\"M416 208H272V64c0-17.67-14.33-32-32-32h-32c-17.67 0-32 14.33-32 32v144H32c-17.67 0-32 14.33-32 32v32c0 17.67 14.33 32 32 32h144v144c0 17.67 14.33 32 32 32h32c17.67 0 32-14.33 32-32V304h144c17.67 0 32-14.33 32-32v-32c0-17.67-14.33-32-32-32z\"><\/path><\/svg><\/span><span class=\"eael-advanced-accordion-icon-opened\"><svg aria-hidden=\"true\" class=\"fa-accordion-icon e-font-icon-svg e-fas-minus\" viewBox=\"0 0 448 512\" xmlns=\"http:\/\/www.w3.org\/2000\/svg\"><path d=\"M416 208H32c-17.67 0-32 14.33-32 32v32c0 17.67 14.33 32 32 32h384c17.67 0 32-14.33 32-32v-32c0-17.67-14.33-32-32-32z\"><\/path><\/svg><\/span><span class=\"eael-accordion-tab-title\">ETAT CIVIL<\/span><svg aria-hidden=\"true\" class=\"fa-toggle e-font-icon-svg e-fas-angle-right\" viewBox=\"0 0 256 512\" xmlns=\"http:\/\/www.w3.org\/2000\/svg\"><path d=\"M224.3 273l-136 136c-9.4 9.4-24.6 9.4-33.9 0l-22.6-22.6c-9.4-9.4-9.4-24.6 0-33.9l96.4-96.4-96.4-96.4c-9.4-9.4-9.4-24.6 0-33.9L54.3 103c9.4-9.4 24.6-9.4 33.9 0l136 136c9.5 9.4 9.5 24.6.1 34z\"><\/path><\/svg><\/div><div id=\"elementor-tab-content-4431\" class=\"eael-accordion-content clearfix\" data-tab=\"1\" aria-labelledby=\"etat-civil\"><p><strong>Nom :<\/strong> OUEDRAOGO<\/p><p><strong>Pr\u00e9nom : <\/strong>Sa\u00efdou<\/p><p><strong>Date et Lieu de naissance :<\/strong> 14 ao\u00fbt 1976 \u00e0 Tenkodogo au Burkina Faso<\/p><p><strong>Situation matrimoniale\u00a0:<\/strong> Mari\u00e9 et p\u00e8re de trois enfants<\/p><p><strong>Profession\u00a0:<\/strong> Conseiller des Affaires Etrang\u00e8res\/ Ministre Pl\u00e9nipotentiaire<\/p><p><strong>Fonction\u00a0:<\/strong> Consul G\u00e9n\u00e9ral du Burkina Faso \u00e0 Djeddah au Royaume d\u2019Arabie Saoudite<\/p><p><strong>Profil\u00a0:<\/strong> Diplomate, Economiste, gestionnaire de d\u00e9veloppement, planificateur<\/p><p>Adresses service : Rue Assahaf, 7846, Quartier Al-Khalidiya, 32423 Djeddah 3295 Arabie Saoudite, Email\u00a0:<a href=\"mailto:consulat.djeddah@diplomatie.gov.bf\">consulat.djeddah@diplomatie.gov.bf<\/a>\u00a0\u00a0\u00a0\u00a0\u00a0<\/p><p>T\u00e9l\u00e9phone\u00a0: +966 53\u00a0578 0275\/ +226 70 88 36 09<\/p><\/div>\n\t\t\t\t\t<\/div><div class=\"eael-accordion-list\">\n\t\t\t\t\t<div id=\"cursus-scolaire-et-universitaire\" class=\"elementor-tab-title eael-accordion-header\" tabindex=\"0\" data-tab=\"2\" aria-controls=\"elementor-tab-content-4432\"><span class=\"eael-advanced-accordion-icon-closed\"><svg aria-hidden=\"true\" class=\"fa-accordion-icon e-font-icon-svg e-fas-plus\" viewBox=\"0 0 448 512\" xmlns=\"http:\/\/www.w3.org\/2000\/svg\"><path d=\"M416 208H272V64c0-17.67-14.33-32-32-32h-32c-17.67 0-32 14.33-32 32v144H32c-17.67 0-32 14.33-32 32v32c0 17.67 14.33 32 32 32h144v144c0 17.67 14.33 32 32 32h32c17.67 0 32-14.33 32-32V304h144c17.67 0 32-14.33 32-32v-32c0-17.67-14.33-32-32-32z\"><\/path><\/svg><\/span><span class=\"eael-advanced-accordion-icon-opened\"><svg aria-hidden=\"true\" class=\"fa-accordion-icon e-font-icon-svg e-fas-minus\" viewBox=\"0 0 448 512\" xmlns=\"http:\/\/www.w3.org\/2000\/svg\"><path d=\"M416 208H32c-17.67 0-32 14.33-32 32v32c0 17.67 14.33 32 32 32h384c17.67 0 32-14.33 32-32v-32c0-17.67-14.33-32-32-32z\"><\/path><\/svg><\/span><span class=\"eael-accordion-tab-title\">CURSUS SCOLAIRE ET UNIVERSITAIRE<\/span><svg aria-hidden=\"true\" class=\"fa-toggle e-font-icon-svg e-fas-angle-right\" viewBox=\"0 0 256 512\" xmlns=\"http:\/\/www.w3.org\/2000\/svg\"><path d=\"M224.3 273l-136 136c-9.4 9.4-24.6 9.4-33.9 0l-22.6-22.6c-9.4-9.4-9.4-24.6 0-33.9l96.4-96.4-96.4-96.4c-9.4-9.4-9.4-24.6 0-33.9L54.3 103c9.4-9.4 24.6-9.4 33.9 0l136 136c9.5 9.4 9.5 24.6.1 34z\"><\/path><\/svg><\/div><div id=\"elementor-tab-content-4432\" class=\"eael-accordion-content clearfix\" data-tab=\"2\" aria-labelledby=\"cursus-scolaire-et-universitaire\"><p><strong>2016-2017\u00a0: Dipl\u00f4me d\u2019Etude diplomatique Sup\u00e9rieur (Master of Arts in Diplomacy) Master + 1 (Bac+6)<\/strong> obtenu au Centre d\u2019Etudes Diplomatiques et Strat\u00e9giques (CEDS), Antenne R\u00e9gionale de Dakar \u2013 S\u00e9n\u00e9gal<\/p><p><strong>2006-2007\u00a0:<\/strong> <strong>Dipl\u00f4me d\u2019Etudes Sup\u00e9rieures en Diplomatie et Relations Internationales (DESDRI Maitrise+2),<\/strong> Option Economie et Finances Internationales, obtenu \u00e0 l\u2019Institut Diplomatique et des Relations Internationales (IDRI) Ouagadougou-Burkina Faso<\/p><p><strong>2004\u00a0:<\/strong> <strong>Ma\u00eetrise en Economie, Option Macro Economie et Gestion de D\u00e9veloppement (MGD)<\/strong> obtenue \u00e0 l\u2019Universit\u00e9 de Ouagadougou (UFR\/SEG) \u2013 Burkina Faso<\/p><p><strong>2000\u00a0:<\/strong> Baccalaur\u00e9at s\u00e9rie D obtenu au Lyc\u00e9e Provincial de Koudougou- Burkina Faso.<\/p><\/div>\n\t\t\t\t\t<\/div><div class=\"eael-accordion-list\">\n\t\t\t\t\t<div id=\"formations-complementaires\" class=\"elementor-tab-title eael-accordion-header\" tabindex=\"0\" data-tab=\"3\" aria-controls=\"elementor-tab-content-4433\"><span class=\"eael-advanced-accordion-icon-closed\"><svg aria-hidden=\"true\" class=\"fa-accordion-icon e-font-icon-svg e-fas-plus\" viewBox=\"0 0 448 512\" xmlns=\"http:\/\/www.w3.org\/2000\/svg\"><path d=\"M416 208H272V64c0-17.67-14.33-32-32-32h-32c-17.67 0-32 14.33-32 32v144H32c-17.67 0-32 14.33-32 32v32c0 17.67 14.33 32 32 32h144v144c0 17.67 14.33 32 32 32h32c17.67 0 32-14.33 32-32V304h144c17.67 0 32-14.33 32-32v-32c0-17.67-14.33-32-32-32z\"><\/path><\/svg><\/span><span class=\"eael-advanced-accordion-icon-opened\"><svg aria-hidden=\"true\" class=\"fa-accordion-icon e-font-icon-svg e-fas-minus\" viewBox=\"0 0 448 512\" xmlns=\"http:\/\/www.w3.org\/2000\/svg\"><path d=\"M416 208H32c-17.67 0-32 14.33-32 32v32c0 17.67 14.33 32 32 32h384c17.67 0 32-14.33 32-32v-32c0-17.67-14.33-32-32-32z\"><\/path><\/svg><\/span><span class=\"eael-accordion-tab-title\">FORMATIONS COMPLEMENTAIRES<\/span><svg aria-hidden=\"true\" class=\"fa-toggle e-font-icon-svg e-fas-angle-right\" viewBox=\"0 0 256 512\" xmlns=\"http:\/\/www.w3.org\/2000\/svg\"><path d=\"M224.3 273l-136 136c-9.4 9.4-24.6 9.4-33.9 0l-22.6-22.6c-9.4-9.4-9.4-24.6 0-33.9l96.4-96.4-96.4-96.4c-9.4-9.4-9.4-24.6 0-33.9L54.3 103c9.4-9.4 24.6-9.4 33.9 0l136 136c9.5 9.4 9.5 24.6.1 34z\"><\/path><\/svg><\/div><div id=\"elementor-tab-content-4433\" class=\"eael-accordion-content clearfix\" data-tab=\"3\" aria-labelledby=\"formations-complementaires\"><p><strong>13-15 juillet 2022\u00a0: <\/strong>Atelier de r\u00e9flexion sur la gestion des demandes d\u2019Accord de de Si\u00e8ge au Burkina Faso, \u00e0 Koudougou au Burkina Faso<\/p><p><strong>09-13 mai 2022\u00a0: <\/strong>Atelier R\u00e9gional sur les bonnes pratiques de lutte contre le terrorisme et la criminalit\u00e9 transnationale organis\u00e9e en mati\u00e8re de s\u00e9curit\u00e9 et de gestion des fronti\u00e8res, \u00e0 Rabat au Royaume du Maroc.<\/p><p><strong>29 novembre-03 d\u00e9cembre 2021\u00a0:<\/strong> Atelier de renforcement des capacit\u00e9s sur le droit des trait\u00e9s, \u00e0 Bobo Dioulasso au Burkina Faso<\/p><p><strong>28 mars-1<sup>er<\/sup> avril 2011\u00a0:<\/strong> S\u00e9minaire de formation sur le th\u00e8me\u00a0:\u00a0\u00ab\u00a0Utilisation des guides th\u00e9matiques dans l\u2019\u00e9laboration des politiques sectorielles\u00a0\u00bb \u00e0 Ouagadougou au Burkina Faso<\/p><p><strong>Mai \u00e0 d\u00e9cembre 2010\u00a0:<\/strong> Formation en anglais au Centre de Langues de l\u2019Universit\u00e9 de Ouagadougou (CLUO) sanctionn\u00e9e par les attestations de niveau Pre-intermediate 1 et 2<\/p><p><strong>26 octobre-20 novembre 2009\u00a0:<\/strong> \u00ab\u00a0Stage Diplomatique\u00a0\u00bb \u00e0 l\u2019Institut Royal des Relations Internationales de Bruxelles (Belgique) sur les modules\u00a0: institutions belges, Union Europ\u00e9enne, paix et s\u00e9curit\u00e9 internationale, diplomatie et d\u00e9veloppement durable.<\/p><p><strong>14-17 juillet 2009\u00a0:<\/strong> Formation sur\u00a0:\u00a0\u00ab\u00a0la prise en compte du Genre dans l\u2019\u00e9laboration et le suivi des projets et programmes\u00a0\u00bb \u00e0 Koudougou au Burkina Faso<\/p><p><strong>24-28 novembre 2008 :<\/strong> Formation sur les techniques de n\u00e9gociations internationales \u00e0 Ouagadougou au Burkina Faso<\/p><\/div>\n\t\t\t\t\t<\/div><div class=\"eael-accordion-list\">\n\t\t\t\t\t<div id=\"experiences-professionnelles\" class=\"elementor-tab-title eael-accordion-header\" tabindex=\"0\" data-tab=\"4\" aria-controls=\"elementor-tab-content-4434\"><span class=\"eael-advanced-accordion-icon-closed\"><svg aria-hidden=\"true\" class=\"fa-accordion-icon e-font-icon-svg e-fas-plus\" viewBox=\"0 0 448 512\" xmlns=\"http:\/\/www.w3.org\/2000\/svg\"><path d=\"M416 208H272V64c0-17.67-14.33-32-32-32h-32c-17.67 0-32 14.33-32 32v144H32c-17.67 0-32 14.33-32 32v32c0 17.67 14.33 32 32 32h144v144c0 17.67 14.33 32 32 32h32c17.67 0 32-14.33 32-32V304h144c17.67 0 32-14.33 32-32v-32c0-17.67-14.33-32-32-32z\"><\/path><\/svg><\/span><span class=\"eael-advanced-accordion-icon-opened\"><svg aria-hidden=\"true\" class=\"fa-accordion-icon e-font-icon-svg e-fas-minus\" viewBox=\"0 0 448 512\" xmlns=\"http:\/\/www.w3.org\/2000\/svg\"><path d=\"M416 208H32c-17.67 0-32 14.33-32 32v32c0 17.67 14.33 32 32 32h384c17.67 0 32-14.33 32-32v-32c0-17.67-14.33-32-32-32z\"><\/path><\/svg><\/span><span class=\"eael-accordion-tab-title\">EXPERIENCES PROFESSIONNELLES<\/span><svg aria-hidden=\"true\" class=\"fa-toggle e-font-icon-svg e-fas-angle-right\" viewBox=\"0 0 256 512\" xmlns=\"http:\/\/www.w3.org\/2000\/svg\"><path d=\"M224.3 273l-136 136c-9.4 9.4-24.6 9.4-33.9 0l-22.6-22.6c-9.4-9.4-9.4-24.6 0-33.9l96.4-96.4-96.4-96.4c-9.4-9.4-9.4-24.6 0-33.9L54.3 103c9.4-9.4 24.6-9.4 33.9 0l136 136c9.5 9.4 9.5 24.6.1 34z\"><\/path><\/svg><\/div><div id=\"elementor-tab-content-4434\" class=\"eael-accordion-content clearfix\" data-tab=\"4\" aria-labelledby=\"experiences-professionnelles\"><ul><li><strong><u>Fonctionnaire de l\u2019Etat<\/u><\/strong><\/li><\/ul><p><strong>Du 13 mars 2023 \u00e0 nos jours\u00a0: <\/strong>Consul G\u00e9n\u00e9ral du Burkina Faso \u00e0 Djeddah au Royaume d\u2019Arabie Saoudite avec circonscription consulaire la R\u00e9gion de la Mecque (La Mecque, Taif et Djeddah) et la R\u00e9gion de M\u00e9dine<\/p><p>Nomm\u00e9 par d\u00e9cret pr\u00e9sidentiel pris en Conseil des Ministres du 12 janvier 2023<\/p><p><strong>\u00a0<\/strong><\/p><p><strong>25 septembre 2018 12 mars 2023\u00a0: <\/strong>Directeur Afrique au Minist\u00e8re des Affaires Etrang\u00e8res, de la Coop\u00e9ration R\u00e9gionale et des Burkinab\u00e8 de l\u2019Ext\u00e9rieur du Burkina Faso<\/p><p>Nomm\u00e9 par d\u00e9cret pr\u00e9sidentiel pris en Conseil des Ministres du 1<sup>er<\/sup> ao\u00fbt 2018, nomm\u00e9 Directeur Afrique.<\/p><p><u>Mission\u00a0<\/u>: Assurer le traitement et le suivi de tous les dossiers et questions touchant aux relations entre le Burkina Faso et les Etats d\u2019Afrique. Egalement, en coordination avec les structures comp\u00e9tentes, des aspects bilat\u00e9raux des relations avec certaines organisations r\u00e9gionales et sous r\u00e9gionales sp\u00e9cifiques.<\/p><p>\u00a0<\/p><p><strong>12 ao\u00fbt 2013\u00a0au 31 ao\u00fbt 2018 : <\/strong>Premier Conseiller\/Conseiller Politique pr\u00e8s l\u2019Ambassade du Burkina Faso \u00e0 Dakar\/ R\u00e9publique du S\u00e9n\u00e9gal (Juridiction\u00a0: le S\u00e9n\u00e9gal, la Gambie, la Mauritanie, la Guin\u00e9e Bissau et le Cabo Verde).<\/p><p><u>Affectation<\/u>\u00a0: Chef de service politique et premier collaborateur de Son Excellence Monsieur l\u2019Ambassadeur du Burkina Faso.<\/p><p><strong>1<sup>er<\/sup> Janvier 2009\u00a0au 10 ao\u00fbt 2013 : <\/strong>Chef de service Planification Suivi et Evaluation \u00e0 la Direction des Etudes et de la Planification\/ Minist\u00e8re des Affaires Etrang\u00e8res et de la Coop\u00e9ration R\u00e9gionale.<\/p><p><strong>21 juillet 2008 \u00e0 janvier 2009\u00a0: <\/strong>Conseiller des Affaires Etrang\u00e8res \u00e0 la Direction Europe-Am\u00e9rique-Oc\u00e9anie et Cara\u00efbes de la Direction G\u00e9n\u00e9rale des Relations Bilat\u00e9rales\/ Minist\u00e8re des Affaires Etrang\u00e8res et de la Coop\u00e9ration R\u00e9gionale.<\/p><ul><li><strong><u>Enseignant \/Formateur <\/u><\/strong><\/li><\/ul><p><strong><u>\u00a0<\/u><\/strong><\/p><p><strong>Mai 2022 \u00e0 Koudougou et juillet 2020 \u00e0 Tenkodogo\u00a0:<\/strong> Formateur en renforcement des capacit\u00e9s des experts nationaux burkinab\u00e8 commis au suivi des Consultations Bilat\u00e9rales<\/p><p><strong>Ao\u00fbt 2022- janvier 2021 et ao\u00fbt 2020:<\/strong> Formateur en Diplomatie Economique \u00e0 l\u2019Ecole Nationale d\u2019Administration et de Magistrature (ENAM), Section Diplomatie.<\/p><p><strong>Juin 2020\u00a0:<\/strong> Formateur en Cas Pratiques d\u2019Initiation au Protocole, \u00e0 l\u2019Ecole Nationale d\u2019Administration et de Magistrature (ENAM), Section Administration G\u00e9n\u00e9rale.<\/p><p><strong>Avril 2013\u00a0:<\/strong> Formateur en Initiation au Protocole \u00e0 l\u2019Institut R\u00e9gional de l\u2019Administration (IRA) du Nord, Section Administration G\u00e9n\u00e9rale.<\/p><\/div>\n\t\t\t\t\t<\/div><div class=\"eael-accordion-list\">\n\t\t\t\t\t<div id=\"production-et-publications-\" class=\"elementor-tab-title eael-accordion-header\" tabindex=\"0\" data-tab=\"5\" aria-controls=\"elementor-tab-content-4435\"><span class=\"eael-advanced-accordion-icon-closed\"><svg aria-hidden=\"true\" class=\"fa-accordion-icon e-font-icon-svg e-fas-plus\" viewBox=\"0 0 448 512\" xmlns=\"http:\/\/www.w3.org\/2000\/svg\"><path d=\"M416 208H272V64c0-17.67-14.33-32-32-32h-32c-17.67 0-32 14.33-32 32v144H32c-17.67 0-32 14.33-32 32v32c0 17.67 14.33 32 32 32h144v144c0 17.67 14.33 32 32 32h32c17.67 0 32-14.33 32-32V304h144c17.67 0 32-14.33 32-32v-32c0-17.67-14.33-32-32-32z\"><\/path><\/svg><\/span><span class=\"eael-advanced-accordion-icon-opened\"><svg aria-hidden=\"true\" class=\"fa-accordion-icon e-font-icon-svg e-fas-minus\" viewBox=\"0 0 448 512\" xmlns=\"http:\/\/www.w3.org\/2000\/svg\"><path d=\"M416 208H32c-17.67 0-32 14.33-32 32v32c0 17.67 14.33 32 32 32h384c17.67 0 32-14.33 32-32v-32c0-17.67-14.33-32-32-32z\"><\/path><\/svg><\/span><span class=\"eael-accordion-tab-title\">PRODUCTION ET PUBLICATIONS <\/span><svg aria-hidden=\"true\" class=\"fa-toggle e-font-icon-svg e-fas-angle-right\" viewBox=\"0 0 256 512\" xmlns=\"http:\/\/www.w3.org\/2000\/svg\"><path d=\"M224.3 273l-136 136c-9.4 9.4-24.6 9.4-33.9 0l-22.6-22.6c-9.4-9.4-9.4-24.6 0-33.9l96.4-96.4-96.4-96.4c-9.4-9.4-9.4-24.6 0-33.9L54.3 103c9.4-9.4 24.6-9.4 33.9 0l136 136c9.5 9.4 9.5 24.6.1 34z\"><\/path><\/svg><\/div><div id=\"elementor-tab-content-4435\" class=\"eael-accordion-content clearfix\" data-tab=\"5\" aria-labelledby=\"production-et-publications-\"><ul><li>OUEDRAOGO Sa\u00efdou and Co, \u00ab\u00a0L\u2019Action Diplomatique 2016-2020 du Pr\u00e9sident Roch Marc Christian KABORE\u00a0: Entre Continuit\u00e9, Rupture et Innovation\u00a0\u00bb, Edition Presses Universitaires, Ouagadougou, Septembre 2020, 124p.<\/li><li>Document de politique \u00e9trang\u00e8re du Minist\u00e8re des Affaires Etrang\u00e8res et de la Coop\u00e9ration R\u00e9gionale, Membre de l\u2019\u00e9quipe de r\u00e9daction, Ouagadougou, mai 2011 \u00e0 mars 2012.<\/li><li>OUEDRAOGO Sa\u00efdou, \u00ab\u00a0La probl\u00e9matique de la coordination des Strat\u00e9gie au sein du G5 Sahel\u00a0\u00bb, Centre d\u2019Etudes Diplomatique et strat\u00e9gique, Dakar, 2017, 84p.<\/li><li>OUEDRAOGO Sa\u00efdou, \u00ab\u00a0Coop\u00e9ration entre la Banque Islamique de D\u00e9veloppement et le Burkina Faso\u00a0: Impacts et Perspectives\u00a0\u00bb, Institut Diplomatique et des Relations Internationales, Ouagadougou, 2007, 80p.<\/li><li>OUEDRAOGO Sa\u00efdou, \u00ab\u00a0Les possibilit\u00e9s de d\u00e9veloppement communal sur la base d\u2019un financement propre\u00a0: cas de la commune de Ouahigouya\u00a0\u00bb, Universit\u00e9 de Ouagadougou, 2004, 50p.<\/li><\/ul><\/div>\n\t\t\t\t\t<\/div><div class=\"eael-accordion-list\">\n\t\t\t\t\t<div id=\"autres\" class=\"elementor-tab-title eael-accordion-header\" tabindex=\"0\" data-tab=\"6\" aria-controls=\"elementor-tab-content-4436\"><span class=\"eael-advanced-accordion-icon-closed\"><svg aria-hidden=\"true\" class=\"fa-accordion-icon e-font-icon-svg e-fas-plus\" viewBox=\"0 0 448 512\" xmlns=\"http:\/\/www.w3.org\/2000\/svg\"><path d=\"M416 208H272V64c0-17.67-14.33-32-32-32h-32c-17.67 0-32 14.33-32 32v144H32c-17.67 0-32 14.33-32 32v32c0 17.67 14.33 32 32 32h144v144c0 17.67 14.33 32 32 32h32c17.67 0 32-14.33 32-32V304h144c17.67 0 32-14.33 32-32v-32c0-17.67-14.33-32-32-32z\"><\/path><\/svg><\/span><span class=\"eael-advanced-accordion-icon-opened\"><svg aria-hidden=\"true\" class=\"fa-accordion-icon e-font-icon-svg e-fas-minus\" viewBox=\"0 0 448 512\" xmlns=\"http:\/\/www.w3.org\/2000\/svg\"><path d=\"M416 208H32c-17.67 0-32 14.33-32 32v32c0 17.67 14.33 32 32 32h384c17.67 0 32-14.33 32-32v-32c0-17.67-14.33-32-32-32z\"><\/path><\/svg><\/span><span class=\"eael-accordion-tab-title\">AUTRES<\/span><svg aria-hidden=\"true\" class=\"fa-toggle e-font-icon-svg e-fas-angle-right\" viewBox=\"0 0 256 512\" xmlns=\"http:\/\/www.w3.org\/2000\/svg\"><path d=\"M224.3 273l-136 136c-9.4 9.4-24.6 9.4-33.9 0l-22.6-22.6c-9.4-9.4-9.4-24.6 0-33.9l96.4-96.4-96.4-96.4c-9.4-9.4-9.4-24.6 0-33.9L54.3 103c9.4-9.4 24.6-9.4 33.9 0l136 136c9.5 9.4 9.5 24.6.1 34z\"><\/path><\/svg><\/div><div id=\"elementor-tab-content-4436\" class=\"eael-accordion-content clearfix\" data-tab=\"6\" aria-labelledby=\"autres\"><p><strong><u>DECORATION<\/u><\/strong><strong><u>\u00a0<\/u><\/strong>: <strong>D\u00e9cembre 2021\u00a0:<\/strong> Chevalier de l\u2019Ordre du M\u00e9rite du Travail et de l\u2019Administration, Agrafe Diplomatie<\/p><p><strong><u>COMPETENCES INFORMATIQUES<\/u><\/strong><\/p><p>Maitrise du Pack office.<\/p><p><strong><u>LANGUES DE TRAVAIL<\/u><\/strong><\/p><p>Fran\u00e7ais, Anglais,<\/p><\/div>\n\t\t\t\t\t<\/div><\/div>\t\t\t\t<\/div>\n\t\t\t\t<\/div>\n\t\t\t\t<\/div>\n\t\t\t\t<div class=\"elementor-element elementor-element-5b46b9ea elementor-absolute elementor-widget elementor-widget-image\" data-id=\"5b46b9ea\" data-element_type=\"widget\" data-e-type=\"widget\" data-settings=\"{&quot;_position&quot;:&quot;absolute&quot;}\" data-widget_type=\"image.default\">\n\t\t\t\t<div class=\"elementor-widget-container\">\n\t\t\t\t\t\t\t\t\t\t\t\t\t\t\t<img decoding=\"async\" src=\"https:\/\/gabon.diplomatie.gov.bf\/wp-content\/plugins\/elementor\/assets\/images\/placeholder.png\" title=\"\" alt=\"\" loading=\"lazy\" \/>\t\t\t\t\t\t\t\t\t\t\t\t\t\t\t<\/div>\n\t\t\t\t<\/div>\n\t\t\t\t\t<\/div>\n\t\t\t\t<\/div>\n\t\t\t\t<\/div>\n\t\t","protected":false},"excerpt":{"rendered":"<p>Cyr Robert OUEDRAOGO Charg\u00e9 d&rsquo;Affaires de l&rsquo;Ambassade du Burkina Faso en R\u00e9publique Gabonaise Parcours du Charg\u00e9 d&rsquo;Affaires ETAT CIVIL Nom : OUEDRAOGO Pr\u00e9nom : Sa\u00efdou Date et Lieu de naissance : 14 ao\u00fbt 1976 \u00e0 Tenkodogo au Burkina Faso Situation matrimoniale\u00a0: Mari\u00e9 et p\u00e8re de trois enfants Profession\u00a0: Conseiller des Affaires Etrang\u00e8res\/ Ministre Pl\u00e9nipotentiaire Fonction\u00a0: [&hellip;]<\/p>\n","protected":false},"author":4,"featured_media":0,"parent":0,"menu_order":0,"comment_status":"closed","ping_status":"closed","template":"elementor_header_footer","meta":{"_acf_changed":false,"_monsterinsights_skip_tracking":false,"_monsterinsights_sitenote_active":false,"_monsterinsights_sitenote_note":"","_monsterinsights_sitenote_category":0,"footnotes":""},"class_list":["post-4160","page","type-page","status-publish","hentry"],"acf":[],"_links":{"self":[{"href":"https:\/\/gabon.diplomatie.gov.bf\/index.php\/wp-json\/wp\/v2\/pages\/4160","targetHints":{"allow":["GET"]}}],"collection":[{"href":"https:\/\/gabon.diplomatie.gov.bf\/index.php\/wp-json\/wp\/v2\/pages"}],"about":[{"href":"https:\/\/gabon.diplomatie.gov.bf\/index.php\/wp-json\/wp\/v2\/types\/page"}],"author":[{"embeddable":true,"href":"https:\/\/gabon.diplomatie.gov.bf\/index.php\/wp-json\/wp\/v2\/users\/4"}],"replies":[{"embeddable":true,"href":"https:\/\/gabon.diplomatie.gov.bf\/index.php\/wp-json\/wp\/v2\/comments?post=4160"}],"version-history":[{"count":178,"href":"https:\/\/gabon.diplomatie.gov.bf\/index.php\/wp-json\/wp\/v2\/pages\/4160\/revisions"}],"predecessor-version":[{"id":4753,"href":"https:\/\/gabon.diplomatie.gov.bf\/index.php\/wp-json\/wp\/v2\/pages\/4160\/revisions\/4753"}],"wp:attachment":[{"href":"https:\/\/gabon.diplomatie.gov.bf\/index.php\/wp-json\/wp\/v2\/media?parent=4160"}],"curies":[{"name":"wp","href":"https:\/\/api.w.org\/{rel}","templated":true}]}}